1520159
What are the prime factors of 85040?
2, 5, 1063
List the prime factors of 4007537.
19, 210923
List the prime factors of 2519919.
3, 279991
What are the prime factors of 137335?
5, 11, 227
What are the prime factors of 1185786?
2, 3, 7, 3137
List the prime factors of 113549.
271, 419
What are the prime factors of 720223?
7, 31, 3319
List the prime factors of 547859.
13, 17, 37, 67
What are the prime factors of 653783?
13, 50291
What are the prime factors of 278947?
278947
List the prime factors of 12237548.
2, 3059387
List the prime factors of 3701142.
2, 3, 205619
What are the prime factors of 17219672?
2, 41, 47, 1117
What are the prime factors of 2653983?
3, 294887
What are the prime factors of 36335738?
2, 18167869
List the prime factors of 3632149.
41, 88589
What are the prime factors of 234936?
2, 3, 13, 251
What are the prime factors of 5968064?
2, 93251
What are the prime factors of 50076?
2, 3, 13, 107
What are the prime factors of 11105228?
2, 23, 120709
List the prime factors of 5565337.
31, 179527
List the prime factors of 6547966.
2, 3273983
List the prime factors of 10342358.
2, 13, 17, 23399
What are the prime factors of 1236965?
5, 247393
List the prime factors of 16001126.
2, 131, 157, 389
List the prime factors of 1229565.
3, 5, 81971
What are the prime factors of 1472202?
2, 3, 137, 199
What are the prime factors of 218422?
2, 109211
List the prime factors of 237861.
3, 13, 19, 107
List the prime factors of 2164211.
7, 309173
List the prime factors of 2965502.
2, 79, 137
What are the prime factors of 11095974?
2, 3, 53, 3877
What are the prime factors of 2001471?
3, 61, 10937
What are the prime factors of 987737?
79, 12503
List the prime factors of 6096.
2, 3, 127
What are the prime factors of 140078?
2, 70039
List the prime factors of 651996.
2, 3, 6037
List the prime factors of 31424.
2, 491
What are the prime factors of 21641?
17, 19, 67
What are the prime factors of 4144767?
3, 11, 29, 61, 71
List the prime factors of 5956020.
2, 3, 5, 7, 29, 163
What are the prime factors of 98027?
61, 1607
List the prime factors of 17671423.
7, 11, 229499
List the prime factors of 35152.
2, 13
List the prime factors of 229222.
2, 7, 2339
What are the prime factors of 1281698?
2, 11, 17, 23, 149
What are the prime factors of 2015043?
3, 671681
List the prime factors of 584198.
2, 43, 6793
What are the prime factors of 23533092?
2, 3, 11, 31, 71
List the prime factors of 11216.
2, 701
What are the prime factors of 134013?
3, 11, 31, 131
What are the prime factors of 234849?
3, 78283
List the prime factors of 8719.
8719
What are the prime factors of 593661?
3, 197887
What are the prime factors of 9282407?
29, 320083
What are the prime factors of 15656689?
3253, 4813
List the prime factors of 921247.
17, 47, 1153
List the prime factors of 1161735.
3, 5, 41, 1889
List the prime factors of 695358.
2, 3, 79, 163
List the prime factors of 261747.
3, 127, 229
List the prime factors of 153864.
2, 3, 2137
List the prime factors of 247720.
2, 5, 11, 563
What are the prime factors of 5117022?
2, 3, 271, 1049
What are the prime factors of 354354?
2, 3, 7, 11, 13, 59
What are the prime factors of 7510572?
2, 3, 208627
List the prime factors of 1968013.
83, 131, 181
List the prime factors of 200728.
2, 11, 2281
What are the prime factors of 1669441?
1669441
List the prime factors of 240619.
71, 3389
What are the prime factors of 1027191?
3, 11, 17, 1831
List the prime factors of 384729.
3, 257, 499
List the prime factors of 19145353.
19145353
List the prime factors of 39564.
2, 3, 7, 157
What are the prime factors of 778547?
7, 11, 10111
What are the prime factors of 98714?
2, 7, 11, 641
List the prime factors of 268854.
2, 3, 44809
What are the prime factors of 580705?
5, 116141
List the prime factors of 21606159.
3, 7202053
List the prime factors of 55681.
55681
List the prime factors of 246453.
3, 113, 727
What are the prime factors of 149972?
2, 37493
What are the prime factors of 706365?
3, 5, 11, 1427
What are the prime factors of 27842700?
2, 3, 5, 92809
List the prime factors of 6553125.
3, 5, 233
What are the prime factors of 27768161?
27768161
List the prime factors of 7829303.
2161, 3623
List the prime factors of 14145922.
2, 7, 1010423
What are the prime factors of 631918?
2, 7, 45137
What are the prime factors of 1054088?
2, 7, 2689
What are the prime factors of 20534?
2, 10267
What are the prime factors of 5904991?
19, 310789
What are the prime factors of 361237?
361237
What are the prime factors of 4044996?
2, 3, 112361
What are the prime factors of 311282?
2, 23, 67, 101
What are the prime factors of 940178?
2, 470089
List the prime factors of 241290.
2, 3, 5, 7, 383
List the prime factors of 243640.
2, 5, 6091
What are the prime factors of 1300810?
2, 5, 7, 18583
List the prime factors of 40920527.
31, 661, 1997
List the prime factors of 1397724.
2, 3, 269, 433
List the prime factors of 5360021.
47, 114043
What are the prime factors of 977848?
2, 122231
What are the prime factors of 1731930?
2, 3, 5, 57731
List the prime factors of 762099.
3, 13, 19541
What are the prime factors of 302095?
5, 31, 1949
List the prime factors of 6084570.
2, 3, 5, 127, 1597
List the prime factors of 379154.
2, 101, 1877
What are the prime factors of 70695?
3, 5, 1571
List the prime factors of 9515967.
3, 3171989
List the prime factors of 8880362.
2, 53, 83777
What are the prime factors of 1757072?
2, 193, 569
List the prime factors of 2625398.
2, 1051, 1249
List the prime factors of 344176.
2, 7, 439
What are the prime factors of 9177451?
9177451
List the prime factors of 693107.
17, 40771
What are the prime factors of 315274?
2, 157637
List the prime factors of 852545.
5, 170509
What are the prime factors of 729043?
7, 104149
List the prime factors of 2660276.
2, 665069
List the prime factors of 246239.
7, 29, 1213
List the prime factors of 41207.
89, 463
List the prime factors of 2998645.
5, 13, 46133
List the prime factors of 12911195.
5, 11, 234749
List the prime factors of 3664175.
5, 97, 1511
What are the prime factors of 380028?
2, 3, 11, 2879
What are the prime factors of 9510355?
5, 19, 100109
List the prime factors of 185869.
185869
List the prime factors of 649807.
83, 7829
List the prime factors of 2651559.
3, 307, 2879
List the prime factors of 152056.
2, 83, 229
What are the prime factors of 3288820?
2, 5, 17, 569
List the prime factors of 348665.
5, 137, 509
List the prime factors of 6501456.
2, 3, 13, 23, 151
List the prime factors of 744397.
744397
What are the prime factors of 2637577?
43, 61339
List the prime factors of 94491.
3, 10499
List the prime factors of 153002.
2, 113, 677
List the prime factors of 247840.
2, 5, 1549
List the prime factors of 9357166.
2, 7, 13, 51413
List the prime factors of 699278.
2, 17, 131, 157
List the prime factors of 283800.
2, 3, 5, 11, 43
List the prime factors of 349138.
2, 174569
What are the prime factors of 152247?
3, 19, 2671
List the prime factors of 23092331.
3019, 7649
List the prime factors of 340647.
3, 271, 419
What are the prime factors of 626236?
2, 13, 12043
What are the prime factors of 13168918?
2, 7, 59, 107, 149
What are the prime factors of 484909?
23, 29, 727
List the prime factors of 1299147.
3, 433049
What are the prime factors of 975960?
2, 3, 5, 2711
What are the prime factors of 675554?
2, 11, 30707
What are the prime factors of 656733?
3, 7, 11, 2843
What are the prime factors of 4782455?
5, 53, 18047
What are the prime factors of 4477396?
2, 7, 11, 14537
List the prime factors of 488999.
7, 69857
List the prime factors of 165677.
29, 197
List the prime factors of 244664.
2, 7, 17, 257
List the prime factors of 958062.
2, 3, 7, 22811
What are the prime factors of 221507?
11, 13, 1549
What are the prime factors of 1538225?
5, 13, 4733
List the prime factors of 3752072.
2, 469009
What are the prime factors of 13524897?
3, 23, 31, 6323
List the prime factors of 4725268.
2, 31, 53, 719
What are the prime factors of 343290?
2, 3, 5, 11443
List the prime factors of 329552.
2, 43, 479
What are the prime factors of 10234?
2, 7, 17, 43
List the prime factors of 124179.
3, 11, 53, 71
What are the prime factors of 9283460?
2, 5, 464173
What are the prime factors of 5117118?
